 the highest common divisor of c and 44.
22
Let v be 3/(-5)*(124/(-12) + 7). What is the highest common factor of v and 8?
2
Let i be 12/((8/2)/4). Calculate the greatest common factor of 132 and i.
12
Suppose 6*a - 560 + 20 = 0. What is the highest common divisor of a and 20?
10
Suppose 2*a = 4*t - 0*t - 20, -3*a + 5*t - 35 = 0. Let m = a - -44. Calculate the greatest common divisor of m and 12.
12
Let x(s) = -3*s**3 + 3*s**2 - 2*s + 2. Let j be x(2). Let l be (j/(-5))/(8/40). What is the greatest common divisor of l and 112?
14
Suppose -4*m - j - 61 = 0, 2*j = -8*m + 4*m - 62. Let r = m + 28. What is the greatest common divisor of 39 and r?
13
Suppose 5*d - 76 = 2*f, -54 = -3*d + 2*f - 5*f. Let g be (-4039)/(-28) + 2/(-8). Calculate the greatest common divisor of d and g.
16
Let f(k) = -k**3 + 7*k**2 - 9*k + 9. Let d be f(6). Let x = 3 - d. Calculate the highest common factor of x and 96.
12
Suppose 5*b + 4*h = 3*h + 334, -2*h = -5*b + 322. What is the greatest common divisor of 6 and b?
6
Let w be (-34)/(2 + 9/(-4)). Calculate the greatest common factor of 8 and w.
8
Suppose -i + 0 = -13. What is the highest common factor of 91 and i?
13
Let r be 1*(2 - (-7 - -3)). Calculate the greatest common divisor of r and 66.
6
Let q(c) = 17*c - 5. Let t be q(4). Let j be 3/24 - (-142)/16. Calculate the highest common divisor of j and t.
9
Let v be 2 + -2 + 2/1. Suppose 2 + 4 = v*h. Calculate the highest common divisor of h and 15.
3
Let t = -28 - -52. Calculate the greatest common factor of 24 and t.
24
Suppose -r = -0*r - 2. What is the highest common factor of r and 16?
2
Let b(p) = -p + 4. Let r be 21/12 + (-3)/(-12). Let h be 22/(r/(-4)*4). Let a be b(h). What is the greatest common divisor of a and 105?
15
Let f = -14 + 23. Let u(g) = 5*g**2 + 27*g. Let y be u(-6). Calculate the greatest common factor of f and y.
9
Suppose -5*y = -531 + 111. Suppose -n + 2*n - 38 = -5*j, -2*n = j - 58. Calculate the greatest common divisor of n and y.
28
Let c be 1 - (0 + 1*-3). Let g(s) = s**3 - 4*s**2 + 3. Let u be g(c). Suppose u*w + 12 = 4*w. What is the greatest common divisor of 60 and w?
12
Let d be (-3)/2*16/(-12). Calculate the highest common divisor of 8 and d.
2
Let y = 158 + -89. Suppose 2*z = -5*s + 21, -s - y = -3*z + 4*s. What is the greatest common factor of 45 and z?
9
Suppose 8*t - 2250 = 3*t. Suppose 3*n = -0*n + t. Suppose -j - 2*b = -5*b - 30, 0 = 5*j - 3*b - n. What is the highest common divisor of j and 6?
6
Let u be 1/((3/(-92))/(6/(-4))). What is the greatest common factor of u and 230?
46
Let r = -106 + 139. What is the greatest common factor of 3 and r?
3
Let t = 8 - -100. Calculate the greatest common factor of 27 and t.
27
Let n = -2 + 15. Let i = 17 + n. What is the highest common factor of i and 15?
15
Suppose 4*y - 2*h - 14 = 0, -4*y + 6 = -y + 3*h. Let w be 1 + 1 - 7/7. Let x be -2 + 1 - (-28)/w. What is the greatest common factor of x and y?
3
Let q(l) = l**2 + l + 6. Let o be q(6). Suppose 0 = 2*k - 4*k + o. What is the greatest common divisor of k and 36?
12
Let d(s) = s**2 + 2*s - 7. Let l be d(-5). Let j(z) = -104*z**3 - z**2 + z. Let x be j(1). Let g = -40 - x. Calculate the greatest common factor of g and l.
8
Let o(x) = -x**2 - 21*x - 17. Let a be o(-20). Calculate the greatest common divisor of a and 5.
1
Let z(x) = -x**3 - 5*x**2 - 4*x + 3. Let f be z(-6). Suppose 0 = 2*p - 2*u - 18 + 2, 5*u = -3*p + 16. Calculate the highest common divisor of f and p.
7
Let g be 99/12 - (-1)/(-4). Let h be 2 - (0 + 1) - 0. Calculate the highest common factor of h and g.
1
Suppose a - 3 = -3*v, 0*v + 3*v - 3 = -3*a. Suppose 2*o - 1 - 1 = a. Let k be 13/(6/3 - o). Calculate the greatest common factor of 91 and k.
13
Suppose -442 = -3*m + 146. Suppose 3*w - w = m. Calculate the highest common divisor of w and 14.
14
Let o(q) = -q**3 + 10*q**2 - 7*q. Let x be o(8). Suppose y - x = -y. What is the greatest common factor of 9 and y?
9
Let x(q) be the second derivative of 0 + 1/20*q**5 + q + 0*q**2 + 1/6*q**3 - 1/12*q**4. Let a be x(1). What is the greatest common divisor of 7 and a?
1
Let r(o) = o**3 + o**2 - 2*o - 2. Let v be r(3). Suppose 0*h = -2*l + 4*h + 636, 0 = -5*l + 5*h + 1565. What is the highest common factor of l and v?
28
Suppose -17 - 21 = -2*y. What is the highest common factor of y and 19?
19
Suppose 0*g - 3*p = -2*g + 172, -304 = -4*g - 4*p. Calculate the greatest common factor of 16 and g.
16
Let a(f) = f**2 + 10*f + 8. Let g be a(-10). Suppose 2*r = -0*r + g. What is the highest common factor of 1 and r?
1
Let u = 42 + 24. Let z be (-1)/1 + -1 + 8. Calculate the greatest common factor of u and z.
6
Let b(j) = j**2 + 6*j - 2. Let m = -7 - -10. Suppose m*l = 2*w - 31, 5*l + 4*w = -14 - 1. Let t be b(l). Calculate the greatest common divisor of t and 25.
5
Let k(q) = -q**3 + 7*q**2 - 6*q + 9. Let d be k(6). What is the highest common factor of d and 6?
3
Let u = -1 - 2. Let k be (u/(-2))/(4/8). What is the greatest common divisor of 27 and k?
3
Suppose -2*t - 4*s + 2*s = -10, -t - 4*s + 8 = 0. Let b = t - 2. Suppose 5*f - 96 = -3*q, -3*f - q = 4*q - 64. What is the highest common factor of f and b?
2
Let t be 180/(-54)*(-5)/(75/18). What is the highest common factor of t and 14?
2
Let t(z) = -z**2 + 4*z + 5. Let c be t(5). Suppose 4*d + 3*f - 8*f - 72 = c, -90 = -5*d + f. What is the greatest common divisor of d and 90?
18
Suppose 3*s - 12 + 0 = 0. Suppose -7*q + s*q + 5*d = -170, -164 = -3*q - d. What is the highest common divisor of q and 11?
11
Let m be (-20)/(-2) - (-3)/(-3). Let w = 70 + -67. Calculate the highest common divisor of m and w.
3
Suppose 5*k - 3*k = 10. Suppose -z - 74 = -k*j - 3*z, j + 4*z - 4 = 0. Calculate the greatest common factor of 160 and j.
16
Suppose 5*v - 870 = -5*o, -3*v - 2*o - 116 + 635 = 0. What is the highest common factor of 19 and v?
19
Let m = -49 + 62. What is the greatest common factor of m and 143?
13
Suppose 0 = -2*n, -n + 6 + 10 = 4*d. What is the greatest common factor of d and 36?
4
Let h be 3/9*2*9. Let q = 9 - h. Let d = q - -5. Calculate the highest common divisor of 16 and d.
8
Let g be (-3 + (-129)/(-15))*5/2. Calculate the greatest common divisor of 14 and g.
14
Let n = 36 - 20. What is the greatest common divisor of n and 4?
4
Let g(a) = -2*a**3 + 7*a**2 + a - 4. Let m be g(3). What is the greatest common factor of m and 152?
8
Suppose m - 7 = -3. Let c be (-4*4/m)/(-2). Calculate the highest common factor of c and 10.
2
Let s = -337 - -673. Suppose -s = -2*h - h. Calculate the highest common divisor of h and 16.
16
Let k(n) = -n**2 - 6*n - 4. Let l be k(-6). Let m(y) = -3*y - 8. Let d be m(l). Calculate the highest common divisor of d and 28.
4
Suppose 0*h - 5*z = -h + 12, 0 = -3*h - 3*z. Calculate the highest common factor of h and 5.
1
Let b = 3 + -1. Suppose c - 6 = -b. Let s = 2 - -26. Calculate the greatest common divisor of c and s.
4
Let x(y) = -2*y**3 + 6*y**2 + 3. Let k be x(5). Let q = -50 - k. Let w = q - 34. What is the greatest common divisor of 26 and w?
13
Let w(p) = -p + 14. Suppose 0 = 3*d - d - 22. Let o be w(d). What is the highest common factor of 21 and o?
3
Suppose 29 - 69 = -4*n. Let c(w) = -w. Let g(s) = -4*s + 14. Let r(a) = -5*c(a) + g(a). Let j be r(n). Calculate the highest common divisor of 6 and j.
6
Let b(q) = 3*q - 2. Let x be b(2). Let h = x + 7. What is the greatest common factor of 55 and h?
11
Suppose -2*q = -4 + 12. Let d be (-55)/q - (-10)/40. What is the highest common factor of d and 2?
2
Let r(v) = -v**2 + 10*v - 1. Let w be r(6). Let p be 4*228/8 - -1. Calculate the greatest common factor of p and w.
23
Let p = 336 + -127. What is the greatest common divisor of 19 and p?
19
Let z(c) = 2*c**2 - 8*c + 3. Let n be z(6). Let u = 72 - n. What is the greatest common divisor of 5 and u?
5
Suppose 2*r + 126 = 4*r. What is the highest common divisor of 7 and r?
7
Let l be (-216)/(-10) - (-4)/10. Let a be -132*(-8)/(-12)*-2. Calculate the highest common factor of l and a.
22
Let p = -916 - 424. Let b be 2/7 + p/(-14). Let k(s) = 3*s + 61. Let v be k(-15). Calculate the greatest common divisor of v and b.
16
Let k(b) = 23*b**2 + 3*b + 2. Let h be k(-1). Suppose 5*c - 147 - 18 = 0. Calculate the greatest common factor of c and h.
11
Let b =